{"id":177,"date":"2017-10-12T00:48:47","date_gmt":"2017-10-11T23:48:47","guid":{"rendered":"http:\/\/laganggps.ca\/becancour\/?page_id=177"},"modified":"2021-08-23T20:37:19","modified_gmt":"2021-08-23T19:37:19","slug":"nous-joindre","status":"publish","type":"page","link":"https:\/\/laganggps.ca\/becancour\/index.php\/nous-joindre\/","title":{"rendered":"Nous joindre"},"content":{"rendered":"<p>[et_pb_section fb_built= &raquo;1&Prime; _builder_version= &raquo;3.22&Prime; global_colors_info= &raquo;{} &raquo;][et_pb_row _builder_version= &raquo;3.25&Prime; background_size= &raquo;initial &raquo; background_position= &raquo;top_left &raquo; background_repeat= &raquo;repeat &raquo; global_colors_info= &raquo;{} &raquo;][et_pb_column type= &raquo;4_4&Prime; _builder_version= &raquo;3.25&Prime; custom_padding= &raquo;||| &raquo; global_colors_info= &raquo;{} &raquo; custom_padding__hover= &raquo;||| &raquo;][et_pb_text admin_label= &raquo;Texte Nous joindre &raquo; _builder_version= &raquo;3.27.4&Prime; global_colors_info= &raquo;{} &raquo;]<\/p>\n<h2><img decoding=\"async\" loading=\"lazy\" class=\"size-medium wp-image-76 alignright\" src=\"http:\/\/laganggps.ca\/becancour\/wp-content\/uploads\/2017\/09\/gps-300x175.png\" alt=\"Logo GPS\" width=\"300\" height=\"175\" srcset=\"https:\/\/laganggps.ca\/becancour\/wp-content\/uploads\/2017\/09\/gps-300x175.png 300w, https:\/\/laganggps.ca\/becancour\/wp-content\/uploads\/2017\/09\/gps.png 427w\" sizes=\"(max-width: 300px) 100vw, 300px\" \/>Nous joindre<\/h2>\n<p>Pour rejoindre vos responsables <em>GPS B\u00e9cancour<\/em> :<\/p>\n<p>&nbsp;<\/p>\n<p><strong>Paroisse Notre-Dame-de-l&rsquo;Esp\u00e9rance<\/strong><br \/>Communaut\u00e9s : Pr\u00e9cieux-Sang, Sainte-Ang\u00e8le-de-Laval, Saint-C\u00e9lestin, Saint-Gr\u00e9goire<\/p>\n<table style=\"border-width: 0px; border-color: currentColor #ffffff #ffffff;\">\n<tbody>\n<tr>\n<td><strong>Sylvie Champagne<\/strong><br \/>819 233-2300<\/td>\n<td>\n<p><b>Isabelle Pepin<\/b><\/p>\n<p>819 668-0780<b><\/b><\/p>\n<p><b><\/b><\/p>\n<\/td>\n<td>\n<p><strong>Fran\u00e7ois Boisvert<\/strong><\/p>\n<p>819 269-2292<strong><\/strong><\/p>\n<p>&nbsp;<\/p>\n<\/td>\n<\/tr>\n<tr>\n<td><a href='http:\/\/laganggps.ca\/becancour\/index.php\/ecrire-a-sylvie-champagne\/' class='small-button smallblue'>\u00c9crire \u00e0 Sylvie Champagne<\/a><\/td>\n<td><a href='http:\/\/laganggps.ca\/becancour\/index.php\/ecrire-a-isabelle-pepin\/' class='small-button smallblue'>\u00c9crire \u00e0 Isabelle Pepin<\/a><\/td>\n<td><a href='http:\/\/laganggps.ca\/becancour\/index.php\/ecrire-a-francois-boisvert-2\/' class='small-button smallblue'>\u00c9crire \u00e0 Francois Boisvert<\/a><\/td>\n<\/tr>\n<\/tbody>\n<\/table>\n<p>&nbsp;<\/p>\n<p><strong>Paroisses Bienheureux-Louis-Z\u00e9phirin-Moreau et Saint-Jean-Paul-II<\/strong><br \/>Communaut\u00e9s : B\u00e9cancour, Ste-Gertrude, St-Sylv\u00e8re, Gentilly, St-Pierre-les-Becquets, Ste-Marie-de-Blandford, Ste-C\u00e9cile, Ste-Sophie, Lemieux et Manseau<\/p>\n<table style=\"border-width: 0px; border-color: currentColor #ffffff #ffffff;\">\n<tbody>\n<tr>\n<td><strong>Guylaine Garneau<\/strong><br \/>819 367-2764<\/td>\n<td><\/td>\n<\/tr>\n<tr>\n<td><a href='http:\/\/laganggps.ca\/becancour\/index.php\/ecrire-a-guylaine-garneau\/' class='small-button smallblue'>\u00c9crire \u00e0 Guylaine Garneau<\/a><\/td>\n<td><\/td>\n<\/tr>\n<\/tbody>\n<\/table>\n<p>[\/et_pb_text][\/et_pb_column][\/et_pb_row][\/et_pb_section]<\/p>\n","protected":false},"excerpt":{"rendered":"<p>Nous joindre Pour rejoindre vos responsables GPS B\u00e9cancour : &nbsp; Paroisse Notre-Dame-de-l&rsquo;Esp\u00e9ranceCommunaut\u00e9s : Pr\u00e9cieux-Sang, Sainte-Ang\u00e8le-de-Laval, Saint-C\u00e9lestin, Saint-Gr\u00e9goire Sylvie Champagne819 233-2300 Isabelle Pepin 819 668-0780 Fran\u00e7ois Boisvert 819 269-2292 &nbsp; <a href='http:\/\/laganggps.ca\/becancour\/index.php\/ecrire-a-sylvie-champagne\/' class='small-button smallblue'>\u00c9crire \u00e0 Sylvie Champagne<\/a> <a href='http:\/\/laganggps.ca\/becancour\/index.php\/ecrire-a-isabelle-pepin\/' class='small-button smallblue'>\u00c9crire \u00e0 Isabelle Pepin<\/a> <a href='http:\/\/laganggps.ca\/becancour\/index.php\/ecrire-a-francois-boisvert-2\/' class='small-button smallblue'>\u00c9crire \u00e0 Francois Boisvert<\/a> &nbsp; Paroisses Bienheureux-Louis-Z\u00e9phirin-Moreau et Saint-Jean-Paul-IICommunaut\u00e9s : B\u00e9cancour, Ste-Gertrude, [&hellip;]<\/p>\n","protected":false},"author":1,"featured_media":0,"parent":0,"menu_order":0,"comment_status":"closed","ping_status":"closed","template":"","meta":{"_et_pb_use_builder":"on","_et_pb_old_content":"","_et_gb_content_width":""},"_links":{"self":[{"href":"https:\/\/laganggps.ca\/becancour\/index.php\/wp-json\/wp\/v2\/pages\/177"}],"collection":[{"href":"https:\/\/laganggps.ca\/becancour\/index.php\/wp-json\/wp\/v2\/pages"}],"about":[{"href":"https:\/\/laganggps.ca\/becancour\/index.php\/wp-json\/wp\/v2\/types\/page"}],"author":[{"embeddable":true,"href":"https:\/\/laganggps.ca\/becancour\/index.php\/wp-json\/wp\/v2\/users\/1"}],"replies":[{"embeddable":true,"href":"https:\/\/laganggps.ca\/becancour\/index.php\/wp-json\/wp\/v2\/comments?post=177"}],"version-history":[{"count":20,"href":"https:\/\/laganggps.ca\/becancour\/index.php\/wp-json\/wp\/v2\/pages\/177\/revisions"}],"predecessor-version":[{"id":384,"href":"https:\/\/laganggps.ca\/becancour\/index.php\/wp-json\/wp\/v2\/pages\/177\/revisions\/384"}],"wp:attachment":[{"href":"https:\/\/laganggps.ca\/becancour\/index.php\/wp-json\/wp\/v2\/media?parent=177"}],"curies":[{"name":"wp","href":"https:\/\/api.w.org\/{rel}","templated":true}]}}