{"id":214,"date":"2017-10-13T03:57:33","date_gmt":"2017-10-13T02:57:33","guid":{"rendered":"http:\/\/laganggps.ca\/becancour\/?page_id=214"},"modified":"2017-10-13T04:08:48","modified_gmt":"2017-10-13T03:08:48","slug":"le-pelerinage-un-acte-religieux","status":"publish","type":"page","link":"https:\/\/laganggps.ca\/becancour\/index.php\/le-pelerinage-un-acte-religieux\/","title":{"rendered":"Le p\u00e8lerinage, un acte religieux"},"content":{"rendered":"<p>[et_pb_section bb_built= &raquo;1&Prime;][et_pb_row][et_pb_column type= &raquo;4_4&Prime;][et_pb_text admin_label= &raquo;Texte Le p\u00e8lerinage, un acte religieux &raquo; _builder_version= &raquo;3.0.77&Prime; background_layout= &raquo;light &raquo; border_style= &raquo;solid &raquo;]<\/p>\n<div style=\"left: -3000px; width: 1000px; overflow: hidden; position: fixed;\" contenteditable=\"false\">\n<div contenteditable=\"true\">\n<h2><strong>Le p\u00e8lerinage, un acte religieux <\/strong><\/h2>\n<p><img decoding=\"async\" loading=\"lazy\" class=\"size-medium wp-image-80 alignright\" src=\"http:\/\/laganggps.ca\/drummondville\/wp-content\/uploads\/2016\/11\/IMG_8215-300x200.jpg\" alt=\"En marche\" width=\"300\" height=\"200\" \/>Le nom GPS signifie\u00a0: la Gang de P\u00e8lerins Solidaires. Il fait r\u00e9f\u00e9rence au \u00ab\u00a0p\u00e8lerin qui marche\u00a0\u00bb. \u00catre un p\u00e8lerin ou une p\u00e8lerine, c\u2019est se mettre en route, en mouvement, \u00e0 la recherche de rep\u00e8res pour vivre plus heureux. C\u2019est choisir d\u2019avancer avec d\u2019autres \u00e0 la rencontre de soi et de Dieu.<\/p>\n<p>Toutes les traditions religieuses donnent une place importante au p\u00e8lerinage. Depuis plusieurs centaines d\u2019ann\u00e9es, J\u00e9rusalem, Rome et Saint-Jacques-de-Compostelle sont des lieux de p\u00e8lerinage pour les chr\u00e9tiens. Plus pr\u00e8s de chez nous, on peut se rendre au Cap-de-la-Madeleine, \u00e0 Sainte-Anne-de-Beaupr\u00e9 et \u00e0 l\u2019Oratoire Saint-Joseph de Montr\u00e9al.<\/p>\n<p>Le p\u00e8lerinage vers un \u00ab\u00a0lieu saint\u00a0\u00bb manifeste le d\u00e9sir du croyant de se mettre en route vers Dieu, dans une d\u00e9marche d\u2019int\u00e9riorit\u00e9 qui lui permet de sortir de ses pr\u00e9occupations quotidiennes.<\/p>\n<p><strong>Pour nous, aujourd\u2019hui, <\/strong> le p\u00e8lerinage manifeste le d\u00e9sir du croyant de se mettre en route vers Dieu et \u00e0 l\u2019\u00e9coute de l\u2019Esprit saint<strong>. <\/strong>Avec ta <em>Gang de P\u00e8lerins Solidaires, <\/em> tu pourras t\u2019engager librement pour entendre la Parole de Dieu, cueillir les fruits de ta recherche et les partager avec d\u2019autres marcheurs\u2026 \u00e0 la rencontre de J\u00e9sus!<\/p>\n<p>Pour communiquer avec les personnes responsables de la <em>Gang GPS Drummondville<\/em>, consulte<\/p>\n<\/div>\n<\/div>\n<h2>Le p\u00e8lerinage, un acte religieux<\/h2>\n<p>Le nom <strong>GPS <\/strong>signifie\u00a0: la <strong>Gang de P\u00e8lerins Solidaires.<\/strong> Il fait r\u00e9f\u00e9rence au \u00ab\u00a0p\u00e8lerin qui marche\u00a0\u00bb. \u00catre un p\u00e8lerin ou une p\u00e8lerine, c\u2019est se mettre en route, en mouvement, \u00e0 la recherche de rep\u00e8res pour vivre plus heureux. C\u2019est choisir d\u2019avancer avec d\u2019autres \u00e0 la rencontre de soi et de Dieu.<\/p>\n<p>Toutes les traditions religieuses donnent une place importante au p\u00e8lerinage. Depuis plusieurs centaines d\u2019ann\u00e9es, J\u00e9rusalem, Rome et Saint-Jacques-de-Compostelle sont des lieux de p\u00e8lerinage pour les chr\u00e9tiens. Plus pr\u00e8s de chez nous, on peut se rendre au Cap-de-la-Madeleine, \u00e0 Sainte-Anne-de-Beaupr\u00e9 et \u00e0 l\u2019Oratoire Saint-Joseph de Montr\u00e9al.<\/p>\n<p>Le p\u00e8lerinage vers un \u00ab\u00a0lieu saint\u00a0\u00bb manifeste le d\u00e9sir du croyant de se mettre en route vers Dieu, dans une d\u00e9marche d\u2019int\u00e9riorit\u00e9 qui lui permet de sortir de ses pr\u00e9occupations quotidiennes.<\/p>\n<p><strong>Pour nous, aujourd\u2019hui, <\/strong><strong>\u00a0<\/strong>le p\u00e8lerinage manifeste le d\u00e9sir du croyant de se mettre en route vers Dieu et \u00e0 l\u2019\u00e9coute de l\u2019Esprit saint. Avec ta <em>Gang de P\u00e8lerins Solidaires, <\/em>\u00a0tu pourras t\u2019engager librement pour entendre la Parole de Dieu, cueillir les fruits de ta recherche et les partager avec d\u2019autres marcheurs\u2026 \u00e0 la rencontre de J\u00e9sus!<\/p>\n<p>Pour communiquer avec les personnes responsables de la <em>Gang GPS B\u00e9cancour<\/em>, consulte <a href=\"http:\/\/laganggps.ca\/becancour\/index.php\/nous-joindre\/\">l\u2019onglet \u00ab\u00a0Nous joindre\u00a0\u00bb<\/a>.<\/p>\n<p><img decoding=\"async\" loading=\"lazy\" class=\"size-large wp-image-216 aligncenter\" src=\"http:\/\/laganggps.ca\/becancour\/wp-content\/uploads\/2017\/10\/IMG_8215-1024x683.jpg\" alt=\"\" width=\"1024\" height=\"683\" srcset=\"https:\/\/laganggps.ca\/becancour\/wp-content\/uploads\/2017\/10\/IMG_8215-1024x683.jpg 1024w, https:\/\/laganggps.ca\/becancour\/wp-content\/uploads\/2017\/10\/IMG_8215-300x200.jpg 300w, https:\/\/laganggps.ca\/becancour\/wp-content\/uploads\/2017\/10\/IMG_8215-768x512.jpg 768w, https:\/\/laganggps.ca\/becancour\/wp-content\/uploads\/2017\/10\/IMG_8215-1080x720.jpg 1080w\" sizes=\"(max-width: 1024px) 100vw, 1024px\" \/><\/p>\n<div style=\"left: -3000px; width: 1000px; overflow: hidden; position: fixed;\" contenteditable=\"false\">\n<div contenteditable=\"true\">\n<h2><strong>Le p\u00e8lerinage, un acte religieux <\/strong><\/h2>\n<p><img decoding=\"async\" loading=\"lazy\" class=\"size-medium wp-image-80 alignright\" src=\"http:\/\/laganggps.ca\/drummondville\/wp-content\/uploads\/2016\/11\/IMG_8215-300x200.jpg\" alt=\"En marche\" width=\"300\" height=\"200\" \/>Le nom GPS signifie\u00a0: la Gang de P\u00e8lerins Solidaires. Il fait r\u00e9f\u00e9rence au \u00ab\u00a0p\u00e8lerin qui marche\u00a0\u00bb. \u00catre un p\u00e8lerin ou une p\u00e8lerine, c\u2019est se mettre en route, en mouvement, \u00e0 la recherche de rep\u00e8res pour vivre plus heureux. C\u2019est choisir d\u2019avancer avec d\u2019autres \u00e0 la rencontre de soi et de Dieu.<\/p>\n<p>Toutes les traditions religieuses donnent une place importante au p\u00e8lerinage. Depuis plusieurs centaines d\u2019ann\u00e9es, J\u00e9rusalem, Rome et Saint-Jacques-de-Compostelle sont des lieux de p\u00e8lerinage pour les chr\u00e9tiens. Plus pr\u00e8s de chez nous, on peut se rendre au Cap-de-la-Madeleine, \u00e0 Sainte-Anne-de-Beaupr\u00e9 et \u00e0 l\u2019Oratoire Saint-Joseph de Montr\u00e9al.<\/p>\n<p>Le p\u00e8lerinage vers un \u00ab\u00a0lieu saint\u00a0\u00bb manifeste le d\u00e9sir du croyant de se mettre en route vers Dieu, dans une d\u00e9marche d\u2019int\u00e9riorit\u00e9 qui lui permet de sortir de ses pr\u00e9occupations quotidiennes.<\/p>\n<p><strong>Pour nous, aujourd\u2019hui, <\/strong> le p\u00e8lerinage manifeste le d\u00e9sir du croyant de se mettre en route vers Dieu et \u00e0 l\u2019\u00e9coute de l\u2019Esprit saint<strong>. <\/strong>Avec ta <em>Gang de P\u00e8lerins Solidaires, <\/em> tu pourras t\u2019engager librement pour entendre la Parole de Dieu, cueillir les fruits de ta recherche et les partager avec d\u2019autres marcheurs\u2026 \u00e0 la rencontre de J\u00e9sus!<\/p>\n<p>Pour communiquer avec les personnes responsables de la <em>Gang GPS Drummondville<\/em>, consulte<\/p>\n<\/div>\n<\/div>\n<p>[\/et_pb_text][\/et_pb_column][\/et_pb_row][\/et_pb_section]<\/p>\n","protected":false},"excerpt":{"rendered":"<p><div class=\"et_pb_row et_pb_row_0 et_pb_row_empty\">\n\t\t\t\t\n\t\t\t\t\n\t\t\t\t\n\t\t\t\t\n\t\t\t\t\n\t\t\t<\/div> Le p\u00e8lerinage, un acte religieux Le nom GPS signifie\u00a0: la Gang de P\u00e8lerins Solidaires. Il fait r\u00e9f\u00e9rence au \u00ab\u00a0p\u00e8lerin qui marche\u00a0\u00bb. \u00catre un p\u00e8lerin ou une p\u00e8lerine, c\u2019est se mettre en route, en mouvement, \u00e0 la recherche de rep\u00e8res pour vivre plus heureux. C\u2019est choisir d\u2019avancer avec d\u2019autres \u00e0 la rencontre de soi et [&hellip;]<\/p>\n","protected":false},"author":1,"featured_media":0,"parent":0,"menu_order":0,"comment_status":"closed","ping_status":"closed","template":"","meta":{"_et_pb_use_builder":"on","_et_pb_old_content":"","_et_gb_content_width":""},"_links":{"self":[{"href":"https:\/\/laganggps.ca\/becancour\/index.php\/wp-json\/wp\/v2\/pages\/214"}],"collection":[{"href":"https:\/\/laganggps.ca\/becancour\/index.php\/wp-json\/wp\/v2\/pages"}],"about":[{"href":"https:\/\/laganggps.ca\/becancour\/index.php\/wp-json\/wp\/v2\/types\/page"}],"author":[{"embeddable":true,"href":"https:\/\/laganggps.ca\/becancour\/index.php\/wp-json\/wp\/v2\/users\/1"}],"replies":[{"embeddable":true,"href":"https:\/\/laganggps.ca\/becancour\/index.php\/wp-json\/wp\/v2\/comments?post=214"}],"version-history":[{"count":4,"href":"https:\/\/laganggps.ca\/becancour\/index.php\/wp-json\/wp\/v2\/pages\/214\/revisions"}],"predecessor-version":[{"id":224,"href":"https:\/\/laganggps.ca\/becancour\/index.php\/wp-json\/wp\/v2\/pages\/214\/revisions\/224"}],"wp:attachment":[{"href":"https:\/\/laganggps.ca\/becancour\/index.php\/wp-json\/wp\/v2\/media?parent=214"}],"curies":[{"name":"wp","href":"https:\/\/api.w.org\/{rel}","templated":true}]}}